 factors of 81/(-2)*3/(9/(-6))?
3
Suppose 0 = 4*u + 5*i - 175, 144 + 76 = 5*u + 5*i. List the prime factors of u.
3, 5
Suppose 14 = 4*o + 2. Suppose 2*k - k + 4*j = -5, o*k - 3*j = 45. Let i = 1 + k. What are the prime factors of i?
2, 3
Let l(r) = -r**2 - 3*r - 2. Let p be l(-3). Suppose g + 2*g - 12 = 0. Let z = p + g. List the prime factors of z.
2
Suppose -4*y = -k + 19, 4*k + 4*y = -0 - 4. Let r = k + 1. What are the prime factors of r?
2
List the prime factors of (-2 + (-8)/(-6))*-114.
2, 19
Let n = 87 - -71. What are the prime factors of n?
2, 79
Let r be (-6 - -2) + 7 + -10. What are the prime factors of r/14 + 34/4?
2
Let n be 87/12 + (-2)/8. Suppose 0 = 5*x + 4*u - 10 - 1, -4*x - 5*u = -16. Let o = n + x. What are the prime factors of o?
2, 3
Let i = 6 + -22. Let j = 10 + i. Let c(v) = -2*v - 5. What are the prime factors of c(j)?
7
Let z(t) = 8*t + 13. List the prime factors of z(6).
61
Let c(k) = -6*k - 102. List the prime factors of c(-30).
2, 3, 13
Let p(t) = -t**2 + 6*t + 9. Let k be p(7). Let q = k + 0. What are the prime factors of (q - -4)*(-6)/(-4)?
3
Let j be ((-70)/15)/((-4)/(-6)). Let c = j + 24. What are the prime factors of c?
17
Let t(d) = -d**2 - 13*d + 4. What are the prime factors of t(-10)?
2, 17
Let m(h) = h**3 - h**2 + h - 2. Let t be m(2). Suppose -12 = -4*j + t. List the prime factors of -1 - (2 - 2 - j).
3
Suppose x - 6 = -3. Let n be 13/x + (-2)/(-3). Let w(y) = -y + 9. List the prime factors of w(n).
2
List the prime factors of 8/(-2) - (4 + -16).
2
Let y(h) = h**3 + 14*h**2 - 11*h - 11. List the prime factors of y(-14).
11, 13
Let y = 8 + -4. Let n = 7 - y. Suppose -n = i - 14. List the prime factors of i.
11
What are the prime factors of 1/(-2)*(3 + -57)?
3
Suppose 116 = -6*h + 8*h. What are the prime factors of h?
2, 29
Let o(q) = -q**3 - 3*q**2 + 6*q - 1. List the prime factors of o(-5).
19
Let p be (-10)/2*12/(-20). Suppose d + p*d = 44. What are the prime factors of d?
11
Let t = 33 - 8. Suppose 0*j + j - t = 5*k, -4*j + 4*k = -36. Suppose -63 = -j*y + v, -y - 5*v - 2 = 1. What are the prime factors of y?
2, 3
Suppose -2*q - 291 = h - 91, -2*h - 424 = -4*q. List the prime factors of (-1)/(-4) + h/(-8).
2, 13
Let l(p) = -2*p - 8. Let w(q) = -3*q. Let c be w(2). Let a be l(c). Suppose -2*t + 5*j = 4, -a*t + 5*t = -2*j + 7. List the prime factors of t.
3
Suppose 0 = -q + 2*q - 28. Suppose 0*h + 2*h - q = 0. What are the prime factors of h?
2, 7
Suppose j - 2*j + 4*s = -12, 4*j - 31 = -s. Suppose -a + u = -j, -4*a - 2*u - 22 = -8*a. List the prime factors of (-6)/9 + 8/a.
2
Let u(w) = 4*w. Let j = -14 - -20. Let r be u(j). Suppose 0 = -5*o + 11 + r. List the prime factors of o.
7
List the prime factors of 5019/91 + (-2)/13.
5, 11
Let y = 14 + -12. Suppose -y*n - 4*k + 70 = 0, 3*k + 2*k + 75 = 4*n. List the prime factors of n.
5
Suppose -4*w = 5 - 21. List the prime factors of w.
2
Let k(g) = g**2. Let n be k(0). Let x = n - -2. Suppose x*d = -d - 5*y + 36, y = -3*d + 36. List the prime factors of d.
2, 3
Let t = -3 + 16. List the prime factors of t.
13
Suppose 0*w = -5*w + 10. Suppose 13 = 5*k - w. Suppose -k*n - 2*n = -10. What are the prime factors of n?
2
Let q = -45 + 29. Let w(a) = a**3 + 15*a**2 - 15*a + 22. What are the prime factors of w(q)?
2, 3
What are the prime factors of 1*34 - (-8 - -6)?
2, 3
Suppose 105 = -38*r + 43*r. List the prime factors of r.
3, 7
Let g = 9 - 5. Suppose -8 = -2*z + 2*o, -2*z + z - g*o + 9 = 0. Let u = z - -3. List the prime factors of u.
2
Let u(r) = 8*r - 5. List the prime factors of u(6).
43
Suppose -5*l - 4*k = -1540, -2*k - k - 1505 = -5*l. List the prime factors of l.
2, 19
Let b(r) = 14*r**2 + 2*r - 2. What are the prime factors of b(1)?
2, 7
Let q be 1*(-6 + 0/(-2)). Let t(y) be the third derivative of y**6/120 + y**5/12 - y**4/4 + y**3/2 + 2*y**2. What are the prime factors of t(q)?
3
What are the prime factors of ((-200)/(-12))/(11/3 - 3)?
5
Let p(u) = 11*u - 41. List the prime factors of p(25).
2, 3, 13
Suppose w - 5*w + 46 = 2*o, o - 5*w = 51. What are the prime factors of o?
31
Let w = -25 - -64. What are the prime factors of -1*w/(-6)*2?
13
Suppose 2*j + 2*j = -2*v + 150, 3*v = 9. What are the prime factors of j?
2, 3
Let c(p) = 7*p**2 - 3*p + 3. What are the prime factors of c(2)?
5
List the prime factors of -2 - 5 - -3 - -81.
7, 11
Suppose -98 = 2*w + 5*a - 37, -4*w = 2*a + 130. Let r = w + 63. List the prime factors of r.
2, 3, 5
Let a = 11 + -7. Suppose -5*r = -2*c + c + 44, -a*c + 3*r = -91. What are the prime factors of c?
19
Let x(s) = s**3 + 5*s**2 - 4*s + 12. Let l(d) = 2*d**3 + 4*d**2 - 5*d + 13. Let n(t) = 2*l(t) - 3*x(t). List the prime factors of n(7).
2
Let k(p) = 3*p**2. Let h be k(-2). Let y be 20/(-6)*(-18)/h. Suppose 3*z = 3*l, 0 = y*z + 5*l - 53 + 13. List the prime factors of z.
2
Let d(b) = b**3 + 6*b**2 - 3*b - 5. List the prime factors of d(-5).
5, 7
Let x(q) = 4*q**2 + 3*q - 3. What are the prime factors of x(1)?
2
Let t = 140 + -79. List the prime factors of t.
61
Let k(v) = v**3 + v**2 + v + 15. Let c be -2 + (-2 - -1 - -3). List the prime factors of k(c).
3, 5
Let y = -4 + 5. Let f(d) = 36*d. Let z be f(y). Suppose -2*o + z = o. List the prime factors of o.
2, 3
Suppose 7*x = 2*x - 2*c + 486, -3 = -c. What are the prime factors of x?
2, 3
Suppose 3*j = -5*k + 209, -3*k + 63 = j - 0*k. What are the prime factors of j?
2, 3, 13
Suppose 0 = -2*h + 3*q + 12, 5*h = 2*q - 5*q + 9. Suppose w + 2*t + 5 = 13, h*w - 52 = t. Suppose 0 = -l - l + w. What are the prime factors of l?
2
Let g be ((-15)/(-6))/(-5)*-126. Suppose 8*m - g = 5*m. List the prime factors of m.
3, 7
Let y = 1 - 0. Suppose 4 = 4*b - 4*q, 4*q = 2*b - y - 7. What are the prime factors of b/((-3)/(-24)*-2)?
2
Suppose -4*y = y - 740. List the prime factors of y.
2, 37
Suppose 2*h - 8 = -2. Suppose -h*k + 2*k + 10 = 0. List the prime factors of k.
2, 5
Let a be (0/(-1))/1 + 29. Suppose 5*d - 26 = a. List the prime factors of d.
11
Let p be 185/35 - 2/7. Suppose -3*i - r + 2*r - 68 = 0, -p*i - 2*r = 95. Let c = i - -34. List the prime factors of c.
13
Let c(a) = -a**3 + 7*a**2 - 4*a - 8. List the prime factors of c(6).
2
Suppose 4*g - 11 - 9 = 0. Suppose g*q - 40 = -0*q. What are the prime factors of q?
2
Suppose -l + 62 = -h, -5*l + 28 = 4*h - 255. Let t = l - 23. What are the prime factors of t?
2, 3
Let s = -13 - -105. List the prime factors of s.
2, 23
Let u(o) = o**3 - 5*o**2 + 3*o + 1. Let z be -3 - 8*(3 + -4). What are the prime factors of u(z)?
2
Suppose 0 = 6*p + 274 - 1000. What are the prime factors of p?
11
Let h = -1 + 7. Let a = 16 - h. Let u = -5 + a. What are the prime factors of u?
5
Let x(z) = -7*z - 2. Let q be x(-8). Suppose 0*h - 2*h + q = 0. What are the prime factors of h?
3
Suppose 2 = -4*i - 18. Let n(s) = -3*s**2 + s + 2*s - 3 + 5*s**2 + 4*s**2 + s**3. What are the prime factors of n(i)?
7
Let h(y) = -y**3 - 2*y**2 - y + 1. Suppose -5 - 5 = 5*j. Let d be h(j). Suppose -30 = -d*c - 6. What are the prime factors of c?
2
Let k(g) = 24*g + 2. Let w(u) = -25*u - 2. Let a(s) = 4*k(s) + 5*w(s). List the prime factors of a(-1).
3
Suppose -7*y + 16 = -3*y. Let d(l) = l**3 - 4*l**2 + 2*l - 5. List the prime factors of d(y).
3
Suppose -216 = -v + 3*k, 3*k - 939 = 8*v - 12*v. What are the prime factors of v?
3, 7, 11
Let a(v) be the first derivative of -v**4/4 + 2*v**3/3 + v - 2. What are the prime factors of a(-2)?
17
Suppose -3*p + 190 = -167. List the prime factors of p.
7, 17
Let s = 357 + -200. List the prime factors of s.
157
Suppose 0 = 3*k - 5*h + 3*h - 22, -k + 3*h + 5 = 0. List the prime factors of k.
2
Suppose 3*d - 26 = 2*d. What are the prime factors of d?
2, 13
Let j(x) = -x + 6. Let s be (12/(-9))/(2/9). List the prime factors of j(s).
2, 3
Let f = 216 + -139. What are the prime factors of f?
7, 11
Let f = -51 + 71. Suppose 2*m = o - 2*m - f, 0 = 2*o - 5*m - 28. Suppose 5*x = o*x + 8. What are the prime factors of x?
2
Let i(u) = 4*u**2 - u + 1. List the prime factors of i(-2).
19
Suppose 7*g - 504 = -g. List the prime factors of g.
3, 7
Suppose -55 = -8*p + 81. What are the prime factors of p?
17
Let n = 50 - 27. Let l = 33 + n. What are the prime factors of l?
2, 7
Let o(f) = f**2 - 7*f + 9. Let s be o(6). Suppose 0 = w - 4*i + s, -i + 4 - 3